re the prime factors of q(o)?
23
Suppose 6*z - 1690 - 3086 = 0. Suppose 0 = -5*g + 2*s + z, -2*s - 275 = -3*g + 201. List the prime factors of g.
2, 5
Suppose 2*f + d - 8 = -3*d, 4*f + 5*d - 25 = 0. Let b be (-16)/(-10) - (-4)/f. Suppose w - 24 = -b*w. What are the prime factors of w?
2
Let a(k) = -k**3 - 53*k**2 + 37*k + 58. List the prime factors of a(-54).
2, 61
Suppose -18*a - 15677 = -56753. List the prime factors of a.
2, 7, 163
Suppose 0 = 5*f - 2*f - 12. Let o(h) = 15*h + 4. Let g(k) = 16*k + 4. Let c(b) = -2*g(b) + 3*o(b). List the prime factors of c(f).
2, 7
Let l = -24 + 24. Suppose -99*z + 104*z - 1180 = l. What are the prime factors of z?
2, 59
Suppose -4407 = -o + m - 1336, 5*m + 12281 = 4*o. List the prime factors of o.
2, 29, 53
Suppose -4*n = h - 120 - 197, -4*n + 314 = -2*h. Let x be 8 - (24/21)/(10/35). Suppose 4*i - n = -g, 0*i - x*i = -2*g - 94. List the prime factors of i.
3, 7
Let t(b) = b**2 + 9*b - 5. Let j be t(-9). Let v be (-2)/j - 256/40. Let d = 8 + v. List the prime factors of d.
2
Let y(o) = -o**2 - 16*o + 10. Let g = 214 + -149. Suppose -4*u = -d + g, -2*u - d - 2*d = 29. List the prime factors of y(u).
2, 5
What are the prime factors of -4*192/5*730/(-219)?
2
Suppose 10*l - 1443 = -29*l. List the prime factors of l.
37
Suppose -21*j + 83333 - 719 = 0. What are the prime factors of j?
2, 7, 281
Let v = 2235 + -909. What are the prime factors of v?
2, 3, 13, 17
Let s be 58/18 + (-18)/81. Let y be (0/2)/s - 32. Let o = y + 94. What are the prime factors of o?
2, 31
Let u = 283 - -110. What are the prime factors of u?
3, 131
Let p = -13 + 14. Let q(h) = 8*h - 6. Let o(t) = -9*t + 7. Let k(f) = 5*o(f) + 6*q(f). List the prime factors of k(p).
2
Suppose 0 = -4*j - 16, 0 = -4*s - 4*j + j. Suppose 0 = 2*m - s*m - 4, 771 = 5*d + m. What are the prime factors of d?
5, 31
Let m = -717 + 855. What are the prime factors of m?
2, 3, 23
Let n(i) = -i**2 - 23*i - 7. What are the prime factors of n(-15)?
113
Let u(v) = -23*v - 2. Let z be u(-7). Let r = z + -64. List the prime factors of r.
5, 19
Suppose 0 = 2*l + 10, -3*l + 202 = 4*u - 107. Suppose 0 = -k - 2*k + u. List the prime factors of k.
3
Let i(k) = -254*k - 4. Let w be i(-2). List the prime factors of ((w/(-4))/1)/(-2).
3, 7
Let r be (-47 + 5)*(-2)/4. Let i be -2 - (-1 - r/3). List the prime factors of i/15*45/3.
2, 3
Let b be (-2 - -1)*-2 + -2. Let f(c) = b*c + 2*c + 2*c - c. List the prime factors of f(17).
3, 17
Let n(o) = -o**3 + 23*o**2 - 42*o + 40. What are the prime factors of n(20)?
2, 5
Suppose -2*i - 5*l = -2256 - 1581, 4*l + 1886 = i. What are the prime factors of i?
2, 953
What are the prime factors of 3287 - ((-2)/17 + 285/255)?
2, 31, 53
Let i be (2/6)/((-10)/(-690)). Suppose -2*r + 141 = -i. List the prime factors of r.
2, 41
Let c(d) = 64*d**3 - d**2 + 2*d - 2. Let r = -25 - -26. Let k be c(r). Suppose -57 = -4*s + k. What are the prime factors of s?
2, 3, 5
Suppose -4*y = -5*n + 6*n - 32, 5*y + 44 = 4*n. Suppose -5*l + 5*w + 239 = -n, -l + 75 = 5*w. List the prime factors of l.
5, 11
Let d(j) = -j**2 + 14*j - 19. Let w be d(12). Suppose -y + 133 = a + 2*y, w*y - 15 = 0. What are the prime factors of a?
2, 31
Let l(m) = -11*m + 10 - 12*m**2 + 8*m**2 + 5*m**2. List the prime factors of l(12).
2, 11
Let r(p) = p**2 - 15*p - 4. What are the prime factors of r(-7)?
2, 3, 5
Let c(p) = 7*p + 3. Let j be c(2). Let m = 37 - j. What are the prime factors of m?
2, 5
Let k(r) = 1 - 4*r + 20*r**2 + 4*r. Suppose -4*l + c = -1, -c + 10 = 4*l + c. List the prime factors of k(l).
3, 7
Let w(t) = t**2 - 12*t - 37. Let f be w(15). Let o(b) = -b**2 + 14*b + 2. List the prime factors of o(f).
2, 5
Suppose 4*r - 106 - 658 = 0. Suppose -x = -4*h - 73, 2*h = -3*x - 0*h + r. List the prime factors of x.
5, 13
Suppose 0*b - b = -2*g, -5*g + 15 = 5*b. Suppose -3*p = -2 - g. What are the prime factors of ((-492)/(-48))/(p/4)?
41
Let u = -62 + 270. List the prime factors of u.
2, 13
Suppose 0 = 2*i + 361 - 59. Let y = -47 - i. List the prime factors of y.
2, 13
Suppose d - 1 = -2*l, -9 = -3*l - 3*d - 0. Let u(q) = -q**3 + q**2 - 3*q + 1. List the prime factors of u(l).
19
Let d be (-22)/55 - 8/5. Let a(z) = -11*z + 4. List the prime factors of a(d).
2, 13
Let z(b) = 7*b**2 + 9*b + 20. What are the prime factors of z(-10)?
2, 3, 5, 7
Let a = -39 + 42. Suppose -89 = -l - a. List the prime factors of l.
2, 43
Suppose 0 = 25*m - 21*m + 216. Let n = 147 - m. List the prime factors of n.
3, 67
Suppose -3*b + 114 = -0*b. Suppose w = 3, -l = -5*l - 2*w + b. What are the prime factors of 16/(-6)*(-108)/l?
2, 3
Suppose -2*f = -f - 12. Let c = f - 11. Let w = c - -11. What are the prime factors of w?
2, 3
Suppose 0 = -f + l, 2*f + l - 10 = 2. Suppose -f*z + q = -531, -7*q + 159 = z - 2*q. List the prime factors of z.
2, 67
Let u(l) = -l**2 + 15*l - 12. Let i = 12 + 14. Let s be (-2)/(-4)*i - -1. List the prime factors of u(s).
2
Let j be 63/(-14) + 5 + 143/2. Let n = 309 - j. What are the prime factors of n?
3, 79
Let u(m) = -29*m - 2. Suppose 10*x - 24 = 18*x. What are the prime factors of u(x)?
5, 17
List the prime factors of (-96)/9*(-4395)/10 - -2.
2, 5, 7, 67
Suppose 8*t - 2172 = -4*t. Let v = -52 + t. List the prime factors of v.
3, 43
Suppose i = 1703 - 419. List the prime factors of i.
2, 3, 107
Suppose 0 = 2*r - 2762 - 154. What are the prime factors of r?
2, 3
Suppose -82*o = -80*o - 4. Suppose 0 = z + o*z + 2*j - 188, 4*z = -j + 259. What are the prime factors of z?
2, 3, 11
Suppose -2815 = -5*f - 5*u, 2*u = 4*f - 173 - 2067. List the prime factors of f.
3, 11, 17
Suppose -139 - 533 = 7*g. Let w = -35 - g. Suppose -94 = -5*j + w. What are the prime factors of j?
31
Let o(t) = -t**3 + 22*t**2 + 11*t - 7. List the prime factors of o(11).
5, 17
Suppose 3*v + 3*y - 24 = 0, 5*v - 6*v - 2*y = -12. Suppose -8*u + v*u + 36 = 0. List the prime factors of u.
3
Suppose -z + 4*y - 289 = 2*z, -397 = 4*z - 3*y. Let j be -18*(-13)/78*(1 + 57). Let u = j + z. List the prime factors of u.
71
Suppose 0 = 32*q - 33*q + 310. List the prime factors of q.
2, 5, 31
What are the prime factors of (-3 - -6) + 180 + -1?
2, 7, 13
Let u = 11410 - 8006. List the prime factors of u.
2, 23, 37
Suppose -2*q = 0, 7*m - 2*q + 6520 = 12*m. What are the prime factors of m?
2, 163
Let c be (-18)/(-8) - (-1)/(-4). Let i be (-3)/(-9) - (-56)/84. What are the prime factors of 59 - (i + c/(-1))?
2, 3, 5
Let b be (2/4)/(17/68). Suppose -b*w - w - 16 = u, -4*u + 6 = -2*w. Let a = 32 - w. What are the prime factors of a?
37
Let t(n) = -n**3 - 8*n**2 + 7. Suppose 21 = -2*q - 5*j, j + 2*j = -5*q - 43. Let l be t(q). Suppose 8*b - 30 = l*b. List the prime factors of b.
2, 3, 5
Let j(m) = -70*m**3 - m**2 - m - 1. List the prime factors of j(-1).
3, 23
Suppose 5*o - 11*o = 0. Let w(r) = -r**2 + 64. List the prime factors of w(o).
2
Suppose -2*a - u = -84, 5*a + 0*u - 199 = 3*u. Let y(q) = -q**3 - 10*q**2 - q. Let p be y(-10). Suppose -s - p = -a. What are the prime factors of s?
31
Let h(g) = 143*g + 15. What are the prime factors of h(1)?
2, 79
Suppose 0 = g + 8 + 4. Let c(o) = o**3 + 13*o**2 + 5*o - 7. What are the prime factors of c(g)?
7, 11
Let m be (-6)/(-4)*150/9. Let k(i) = 0 + 0 + m*i**2. What are the prime factors of k(-1)?
5
Suppose -4*k + 6*k = 4. Suppose -k*t - 3*m + 38 = -65, -3*t + m = -149. Let j = -18 + t. What are the prime factors of j?
2
Suppose 63 = -4*v - 57. Let d = -28 - v. Suppose -3*h + 76 = -d. What are the prime factors of h?
2, 13
Let u(t) = -t**2 - t + 9. Let h be u(13). Let a = -73 - h. What are the prime factors of a/(-15)*12/(-10)?
2
Suppose 3*t = -3*r + 3048, -3 = 4*t + 5. What are the prime factors of r?
2, 509
Let f = 11 - 2. Let u be ((-20)/6)/(-5)*f. What are the prime factors of 124/12 + (-2)/u?
2, 5
Let n = -7 + 14. Suppose 5*y = 4*p + 3, -2*p = 2*y - n*p + 9. List the prime factors of y - (2 + -2) - -4.
7
Let h(z) = -177*z. Let q be h(-1). Let n = q - 95. Suppose -n + 10 = -6*s. List the prime factors of s.
2, 3
Let o(g) = g**2 - 9*g - 13. Let b be o(9). Let t = 17 + b. Suppose -5*q + t = -31. List the prime factors of q.
7
Let c(b) = 18*b**2 - 9*b - 14. What are the prime factors of c(-6)?
2, 43
Let q be 2/(-1) + (-1 - -7) + -6. List the prime factors of (q + -11)/(1*-1).
13
Let q 